11.
a7808
What is -4222000414 (base 5) in base 9?
-17463675
Convert 3fd31 (base 16) to base 8.
776461
What is -1020875 (base 10) in base 16?
-f93cb
2450414 (base 6) to base 15
28c6a
10111102223 (base 4) to base 10
1135787
What is -1b7da30 (base 14) in base 6?
-1210431310
81536 (base 14) to base 4
1023330330
Convert -32321302 (base 6) to base 13.
-277895
What is -331003332 (base 5) in base 14?
-2904bc
What is 5b06108 (base 12) in base 9?
36233078
What is 1401848 (base 9) in base 14?
1603aa
Convert 388142 (base 13) to base 4.
11030010212
19635 (base 12) to base 11
25a42
221021100110211 (base 3) to base 2
110011001110111110111001
What is 1001011000111000 (base 2) in base 9?
57668
What is -1491718 (base 10) in base 4?
-11230030012
What is -645106 (base 7) in base 10?
-112216
Convert 20002240 (base 5) to base 3.
21221202220
Convert 21513412 (base 6) to base 15.
cbcbe
255657 (base 10) to base 12
103b49
42a636 (base 13) to base 14
2ca64b
-27256 (base 9) to base 15
-56e3
2200314 (base 5) to base 9
56500
Convert -18b5a0 (base 15) to base 6.
-41440223
320197 (base 11) to base 15
a1d77
Convert 132601 (base 9) to base 11.
55683
Convert -1185667 (base 10) to base 5.
-300420132
Convert 101010001101101 (base 2) to base 13.
9ab7
Convert -155514 (base 9) to base 7.
-546433
-1a93 (base 12) to base 10
-3279
What is -10122212122 (base 4) in base 15?
-17ce8a
What is 2267670 (base 8) in base 12?
259a74
Convert 1416430 (base 11) to base 3.
11120220112222
-405612 (base 9) to base 12
-b7102
Convert -171a2 (base 11) to base 4.
-11321333
Convert -278797 (base 12) to base 14.
-1319d1
5344511 (base 7) to base 3
1020000111012
What is 13432 (base 12) in base 9?
40352
4160656 (base 7) to base 16
7a980
-1011110111111001 (base 2) to base 10
-48633
Convert -23112775 (base 8) to base 4.
-103021113331
Convert -21236620 (base 7) to base 4.
-12321120232
What is -ba6ea (base 15) in base 7?
-5014342
-4312420 (base 7) to base 10
-524314
Convert 2560232 (base 7) to base 2.
1010001100000100100
-220202001022 (base 3) to base 2
-1110110111001011111
Convert 119a571 (base 14) to base 2.
100000001100111100010111
-6510066 (base 10) to base 14
-c1668a
What is -184a5 (base 14) in base 6?
-1151441
What is 4731463 (base 8) in base 11?
801aa0
705888 (base 9) to base 4
1211332310
-300110 (base 12) to base 10
-746652
-43105003 (base 6) to base 8
-4655533
533320 (base 6) to base 11
2a789
What is -1011101101011111101 (base 2) in base 7?
-3155531
Convert -171546 (base 11) to base 8.
-1006464
29512a (base 11) to base 2
1110000011110000111
Convert 30511455 (base 9) to base 10.
14651816
What is 110155322 (base 6) in base 10?
1975010
Convert 1210311313 (base 4) to base 7.
3340135
Convert -1431052 (base 6) to base 10.
-81896
Convert 173013 (base 13) to base 16.
8d123
What is 110201312 (base 4) in base 9?
137308
What is 35414023 (base 6) in base 5?
240400432
Convert -48959d (base 16) to base 12.
-17149b9
286124 (base 13) to base 2
11110000010110000111
What is 13213611 (base 9) in base 2?
11000110100000010111010
What is 8327ba (base 16) in base 3?
121011200122122
Convert 240454104 (base 6) to base 10.
4517464
What is -2271533 (base 9) in base 10?
-1228071
What is 1652104 (base 8) in base 10?
480324
Convert -200594 (base 10) to base 11.
-127789
-4615442 (base 7) to base 9
-1066735
What is 11111110100011101001 (base 2) in base 14?
1d1da1
123ca (base 16) to base 14
1d318
Convert -256105661 (base 7) to base 10.
-16372070
22013010 (base 5) to base 6
4012413
4257625 (base 9) to base 5
1041013104
Convert b960ab (base 13) to base 8.
20471043
What is 1111100111111111101 (base 2) in base 16?
7cffd
Convert 129041 (base 10) to base 4.
133200101
Convert 3324122 (base 5) to base 9.
87545
-3110033302 (base 5) to base 13
-140853b
What is 1468a0 (base 13) in base 4?
1322013221
Convert -10101010000111101101 (base 2) to base 9.
-1271756
Convert 11101211201 (base 3) to base 5.
10233020
-77616 (base 8) to base 14
-bc86
-a71254 (base 11) to base 6
-100430033
What is 120502 (base 9) in base 10?
72578
-7c1337 (base 13) to base 8
-13167025
Convert 261087 (base 11) to base 2.
1100100011011101110
Convert -113121312 (base 4) to base 15.
-1d60c
-2010022202221 (base 3) to base 8
-4233610
Convert 291e52 (base 16) to base 9.
5056433
Convert -503585 (base 10) to base 9.
-846708
Convert 3958d (base 14) to base 15.
2bbd4
Convert -27d13 (base 14) to base 15.
-1e33a
-1568452 (base 10) to base 6
-53341204
Convert 11024004 (base 5) to base 13.
34616
What is -7a0889 (base 14) in base 8?
-17652531
Convert 233344341 (base 6) to base 11.
251414a
Convert -2220121101112 (base 3) to base 6.
-53055022
32106 (base 7) to base 5
223234
Convert -222212111012 (base 3) to base 4.
-2001013301
Convert -562620 (base 9) to base 5.
-41232243
Convert -111000010010010101 (base 2) to base 3.
-102201020212
Convert -546472 (base 11) to base 10.
-872368
Convert -100010100110000100100011 (base 2) to base 4.
-202212010203
Convert -1a81cc (base 14) to base 2.
-11100110100010111000
What is 7414c (base 14) in base 8?
1043130
444213000 (base 5) to base 3
10122210200210
Convert 3151215 (base 7) to base 4.
1131110010
Convert -30624022 (base 7) to base 15.
-35db41
What is -120110202020020 (base 3) in base 7?
-126614322
-10342260 (base 7) to base 5
-211300034
What is -8c4c (base 15) in base 13?
-10722
What is 2dc51c (base 16) in base 2?
1011011100010100011100
What is 2071237 (base 9) in base 15?
16dc24
Convert 175b5c1 (base 13) to base 6.
430432350
Convert -343647 (base 11) to base 5.
-114441422
4d9724 (base 14) to base 12
a910b0
-2062420 (base 7) to base 6
-5212104
What is -211001120100221 (base 3) in base 5?
-11000110323
What is -3004b8 (base 16) in base 4?
-30000102320
Convert 101241440 (base 6) to base 9.
3252866
13aee2 (base 15) to base 13
27287c
Convert 2433555 (base 6) to base 12.
628bb
Convert -111421103 (base 5) to base 4.
-1321221212
-188637 (base 11) to base 14
-77773
53a07c (base 13) to base 10
1964221
Convert 3178362 (base 11) to base 16.
554934
Convert 1783248 (base 9) to base 10.
999665
What is -6a9ca (base 13) in base 2?
-101111100111001111
14a97 (base 14) to base 12
25965
Convert -10402420 (base 5) to base 15.
-1be5a
21222110100101 (base 3) to base 2
10000001011010111001110
What is -2ac784 (base 16) in base 6?
-140031324
What is -3973052 (base 11) in base 10?
-6870679
What is -362350 (base 8) in base 7?
-1024625
1111102021122 (base 3) to base 2
11000010001110011001
What is 100111100011011100010 (base 2) in base 16?
13c6e2
Convert -38304b (base 15) to base 5.
-1142141241
-125135 (base 8) to base 2
-1010101001011101
Convert -2201232211 (base 4) to base 2.
-10100001101110100101
What is 3133415 (base 6) in base 2?
100101001101110011
Convert 2338788 (base 12) to base 6.
401353052
3232361 (base 9) to base 6
101055044
What is 13331011022 (base 4) in base 10?
2085194
Convert -32111031 (base 5) to base 4.
-1001303030
Convert -1200331 (base 4) to base 9.
-8454
Convert 10111001000110101000 (base 2) to base 11.
4786a9
Convert -233331302321 (base 4) to base 3.
-212122211010022
What is -13741634 (base 8) in base 13?
-857a3b
What is -163de (base 15) in base 12?
-3563b
What is 131401 (base 7) in base 10?
24550
Convert 4223055 (base 6) to base 9.
342738
-111010012110121 (base 3) to base 11
-3a31aa0
What is 11101001111101 (base 2) in base 14?
5657
110112000100 (base 3) to base 15
4d026
Convert a7aae (base 15) to base 14.
dbda9
Convert 1a84628 (base 11) to base 15.
493904
Convert -2276140 (base 10) to base 11.
-1315109
Convert -13311233000 (base 4) to base 3.
-10212102001222
What is -1011110001110010001 (base 2) in base 5?
-44322222
Convert -1331361 (base 7) to base 16.
-2aebe
What is -21476 (base 11) in base 10?
-31180
5666b (base 12) to base 3
12211202002
10a170 (base 12) to base 15
53db0
33622 (base 7) to base 5
233132
What is -5354111 (base 8) in base 16?
-15d849
Convert -5b6809 (base 12) to base 4.
-11222100021
1458787 (base 9) to base 8
3050010
What is -53232 (base 8) in base 2?
-101011010011010
2c302 (base 14) to base 3
12121101001
What is 115302 (base 9) in base 10?
69500
-23441124 (base 7) to base 11
-1199762
Convert 7213658 (base 9) to base 11.
2198732
Convert -1d6e51 (base 16) to base 11.
-10a8141
What is 127152 (base 11) in base 10?
199828
Convert -8bb677 (base 16) t